{"id":18,"date":"2020-03-10T10:55:48","date_gmt":"2020-03-10T10:55:48","guid":{"rendered":"https:\/\/mollemantsje.nl\/?page_id=18"},"modified":"2023-06-08T19:48:17","modified_gmt":"2023-06-08T19:48:17","slug":"over-ons","status":"publish","type":"page","link":"https:\/\/mollemantsje.nl\/","title":{"rendered":"&#8217;t Mollemantsje uw mollenvanger in regio Friesland en Groningen"},"content":{"rendered":"\n<p>Graag laat ik u kennis maken met \u2019t Mollemantsje oftewel Sape-jan Rozema; de mollenvanger van de Fryske W\u00e2lden en omkriten.<\/p>\n\n\n\n<p>Een uit hobby geboren \u00e9\u00e9nmansbedrijf. &nbsp;<\/p>\n\n\n\n<p>Geboren en getogen \u201cw\u00e2ldmantsje\u201d die graag in de buitenlucht werkzaam is. <\/p>\n\n\n\n<p class=\"has-medium-font-size\"><strong>Graag zet ik mij in, om uw tuin of weiland(en) molvrij te maken.<\/strong><\/p>\n\n\n\n<p class=\"has-medium-font-size\"><strong>Werkgebied<\/strong>: Friesland en west Groningen<\/p>\n\n\n\n<figure class=\"wp-block-image size-large\"><img decoding=\"async\" loading=\"lazy\" width=\"1024\" height=\"702\" src=\"http:\/\/mollemantsje.nl\/wp-content\/uploads\/2020\/03\/mollemantsje-1024x702.jpg\" alt=\"\" class=\"wp-image-168\" srcset=\"https:\/\/mollemantsje.nl\/wp-content\/uploads\/2020\/03\/mollemantsje-1024x702.jpg 1024w, https:\/\/mollemantsje.nl\/wp-content\/uploads\/2020\/03\/mollemantsje-300x206.jpg 300w, https:\/\/mollemantsje.nl\/wp-content\/uploads\/2020\/03\/mollemantsje-768x526.jpg 768w, https:\/\/mollemantsje.nl\/wp-content\/uploads\/2020\/03\/mollemantsje-1536x1052.jpg 1536w, https:\/\/mollemantsje.nl\/wp-content\/uploads\/2020\/03\/mollemantsje-2048x1403.jpg 2048w\" sizes=\"(max-width: 767px) 89vw, (max-width: 1000px) 54vw, (max-width: 1071px) 543px, 580px\" \/><figcaption class=\"wp-element-caption\"><mark style=\"background-color:rgba(0, 0, 0, 0);color:#ffffff\" class=\"has-inline-color\">&#8217;t Mollemantsje in zijn element<\/mark><\/figcaption><\/figure>\n\n\n\n<p><\/p>\n","protected":false},"excerpt":{"rendered":"<p>Graag laat ik u kennis maken met \u2019t Mollemantsje oftewel Sape-jan Rozema; de mollenvanger van de Fryske W\u00e2lden en omkriten. Een uit hobby geboren \u00e9\u00e9nmansbedrijf. &nbsp; Geboren en getogen \u201cw\u00e2ldmantsje\u201d die graag in de buitenlucht werkzaam is. Graag zet ik mij in, om uw tuin of weiland(en) molvrij te maken. Werkgebied: Friesland en west Groningen<\/p>\n","protected":false},"author":1,"featured_media":0,"parent":0,"menu_order":0,"comment_status":"closed","ping_status":"closed","template":"","meta":[],"_links":{"self":[{"href":"https:\/\/mollemantsje.nl\/index.php?rest_route=\/wp\/v2\/pages\/18"}],"collection":[{"href":"https:\/\/mollemantsje.nl\/index.php?rest_route=\/wp\/v2\/pages"}],"about":[{"href":"https:\/\/mollemantsje.nl\/index.php?rest_route=\/wp\/v2\/types\/page"}],"author":[{"embeddable":true,"href":"https:\/\/mollemantsje.nl\/index.php?rest_route=\/wp\/v2\/users\/1"}],"replies":[{"embeddable":true,"href":"https:\/\/mollemantsje.nl\/index.php?rest_route=%2Fwp%2Fv2%2Fcomments&post=18"}],"version-history":[{"count":35,"href":"https:\/\/mollemantsje.nl\/index.php?rest_route=\/wp\/v2\/pages\/18\/revisions"}],"predecessor-version":[{"id":535,"href":"https:\/\/mollemantsje.nl\/index.php?rest_route=\/wp\/v2\/pages\/18\/revisions\/535"}],"wp:attachment":[{"href":"https:\/\/mollemantsje.nl\/index.php?rest_route=%2Fwp%2Fv2%2Fmedia&parent=18"}],"curies":[{"name":"wp","href":"https:\/\/api.w.org\/{rel}","templated":true}]}}